{"id":2386,"date":"2019-11-06T20:02:33","date_gmt":"2019-11-06T20:02:33","guid":{"rendered":"https:\/\/www.municipiopujili.gob.ec\/pujili\/?page_id=2386"},"modified":"2020-11-27T15:55:57","modified_gmt":"2020-11-27T15:55:57","slug":"historia-pujili","status":"publish","type":"page","link":"https:\/\/www.municipiopujili.gob.ec\/pujili\/historia-pujili\/","title":{"rendered":"Historia Pujil\u00ed"},"content":{"rendered":"\t\t<div data-elementor-type=\"wp-page\" data-elementor-id=\"2386\" class=\"elementor elementor-2386\" data-elementor-settings=\"[]\">\n\t\t\t<div class=\"elementor-inner\">\n\t\t\t\t<div class=\"elementor-section-wrap\">\n\t\t\t\t\t\t\t<section class=\"elementor-element elementor-element-3bd7705 elementor-section-boxed elementor-section-height-default elementor-section-height-default elementor-section elementor-top-section\" data-id=\"3bd7705\" data-element_type=\"section\">\n\t\t\t\t\t\t<div class=\"elementor-container elementor-column-gap-default\">\n\t\t\t\t<div class=\"elementor-row\">\n\t\t\t\t<div class=\"elementor-element elementor-element-df83f91 elementor-column elementor-col-16 elementor-top-column\" data-id=\"df83f91\" data-element_type=\"column\">\n\t\t\t<div class=\"elementor-column-wrap\">\n\t\t\t\t\t<div class=\"elementor-widget-wrap\">\n\t\t\t\t\t\t<\/div>\n\t\t\t<\/div>\n\t\t<\/div>\n\t\t\t\t<div class=\"elementor-element elementor-element-fc78d2d elementor-column elementor-col-66 elementor-top-column\" data-id=\"fc78d2d\" data-element_type=\"column\">\n\t\t\t<div class=\"elementor-column-wrap  elementor-element-populated\">\n\t\t\t\t\t<div class=\"elementor-widget-wrap\">\n\t\t\t\t<div class=\"elementor-element elementor-element-af6f2f1 elementor-invisible elementor-widget elementor-widget-image\" data-id=\"af6f2f1\" data-element_type=\"widget\" data-settings=\"{&quot;_animation&quot;:&quot;fadeInDown&quot;}\" data-widget_type=\"image.default\">\n\t\t\t\t<div class=\"elementor-widget-container\">\n\t\t\t\t\t<div class=\"elementor-image\">\n\t\t\t\t\t\t\t\t\t\t<img width=\"770\" height=\"1024\" src=\"https:\/\/www.municipiopujili.gob.ec\/pujili\/wp-content\/uploads\/2020\/10\/historia-min-770x1024.jpg\" class=\"attachment-large size-large\" alt=\"\" loading=\"lazy\" srcset=\"https:\/\/www.municipiopujili.gob.ec\/pujili\/wp-content\/uploads\/2020\/10\/historia-min-770x1024.jpg 770w, https:\/\/www.municipiopujili.gob.ec\/pujili\/wp-content\/uploads\/2020\/10\/historia-min-226x300.jpg 226w, https:\/\/www.municipiopujili.gob.ec\/pujili\/wp-content\/uploads\/2020\/10\/historia-min-768x1022.jpg 768w, https:\/\/www.municipiopujili.gob.ec\/pujili\/wp-content\/uploads\/2020\/10\/historia-min.jpg 1127w\" sizes=\"(max-width: 770px) 100vw, 770px\" \/>\t\t\t\t\t\t\t\t\t\t\t<\/div>\n\t\t\t\t<\/div>\n\t\t\t\t<\/div>\n\t\t\t\t\t\t<\/div>\n\t\t\t<\/div>\n\t\t<\/div>\n\t\t\t\t<div class=\"elementor-element elementor-element-ac7fa46 elementor-column elementor-col-16 elementor-top-column\" data-id=\"ac7fa46\" data-element_type=\"column\">\n\t\t\t<div class=\"elementor-column-wrap\">\n\t\t\t\t\t<div class=\"elementor-widget-wrap\">\n\t\t\t\t\t\t<\/div>\n\t\t\t<\/div>\n\t\t<\/div>\n\t\t\t\t\t\t<\/div>\n\t\t\t<\/div>\n\t\t<\/section>\n\t\t\t\t<section class=\"elementor-element elementor-element-c55f649 elementor-section-boxed elementor-section-height-default elementor-section-height-default elementor-section elementor-top-section\" data-id=\"c55f649\" data-element_type=\"section\">\n\t\t\t\t\t\t<div class=\"elementor-container elementor-column-gap-default\">\n\t\t\t\t<div class=\"elementor-row\">\n\t\t\t\t<div class=\"elementor-element elementor-element-94b130a elementor-column elementor-col-100 elementor-top-column\" data-id=\"94b130a\" data-element_type=\"column\">\n\t\t\t<div class=\"elementor-column-wrap  elementor-element-populated\">\n\t\t\t\t\t<div class=\"elementor-widget-wrap\">\n\t\t\t\t<div class=\"elementor-element elementor-element-5830ae1 elementor-widget elementor-widget-text-editor\" data-id=\"5830ae1\" data-element_type=\"widget\" data-widget_type=\"text-editor.default\">\n\t\t\t\t<div class=\"elementor-widget-container\">\n\t\t\t\t\t<div class=\"elementor-text-editor elementor-clearfix\"><p>El origen del vocablo Pujil\u00ed es remoto, Pugshili en kichwa\u00a0 significa \u201cposada de juguetes\u201d u \u201color a soga\u201d. La primera aceptaci\u00f3n\u00a0 parece acertada porque\u00a0 Pujil\u00ed desde anta\u00f1o ha sido y sigue siendo en la actualidad un centro de producci\u00f3n de alfarer\u00eda de primer orden.<\/p><p>Sobre los terrenos de los Puxileos, pueblo ind\u00edgena precolombino al pie del monte Sinchaguas\u00edn, fue fundado en 1657, dentro de la circunscripci\u00f3n de la Real Audiencia de Quito, el Asiento Doctrinero de San Buenaventura \u00a0de Puxili, por obra Franciscano Fray Eugenio L\u00f3pez.<\/p><p>Posteriormente, obtuvo el t\u00edtulo de Villa y fue administrado por cabildos sucesivos. Ya en la \u00e9poca de la Independencia Pujil\u00ed aport\u00f3 con sus hombres y mujeres, nativos de esta comarca, a las luchas por la libertad. Pero fue en el periodo republicano, a veinte a\u00f1os de la separaci\u00f3n del Ecuador de la Gran Colombia y de la aprobaci\u00f3n de la Constituci\u00f3n del Estado ecuatoriano, cuando Pujil\u00ed obtiene el\u00a0 reconocimiento como Cant\u00f3n, de conformidad con el decreto de la sexta Asamblea Nacional Constituyente, reunida en Guayaquil y presidida por Pedro Moncayo.<\/p><p>Los aportes de Pujil\u00ed a la cultura, al turismo y al desarrollo nacional son evidentes. El Danzante- verdadero \u00edcono de esta zona-refleja una historia profunda, enraizada en la cultura popular, que identifica a su pueblo con el pasado.<\/p><p>\u00a0<\/p><p><strong>REFERENCIA BIBLIOGR\u00c1FICAS<\/strong><\/p><p>Revista Pujil\u00ed, Sesquicentanario Cantonizaci\u00f3n.<\/p><p>Revista Pujil\u00ed, Historia y Tradici\u00f3n.<\/p><p>Monograf\u00eda\u00a0 Del Cant\u00f3n Pujil\u00ed\u00a0 C\u00e9sar Francisco J\u00e1come.<\/p><\/div>\n\t\t\t\t<\/div>\n\t\t\t\t<\/div>\n\t\t\t\t\t\t<\/div>\n\t\t\t<\/div>\n\t\t<\/div>\n\t\t\t\t\t\t<\/div>\n\t\t\t<\/div>\n\t\t<\/section>\n\t\t\t\t\t\t<\/div>\n\t\t\t<\/div>\n\t\t<\/div>\n\t\t ","protected":false},"excerpt":{"rendered":"<p>El origen del vocablo Pujil\u00ed es remoto, Pugshili en kichwa&nbsp; significa \u201cposada de juguetes\u201d u \u201color a soga\u201d. La primera aceptaci\u00f3n&nbsp; parece acertada porque&nbsp; Pujil\u00ed desde anta\u00f1o ha sido y sigue siendo en la actualidad un centro de producci\u00f3n de alfarer\u00eda de primer orden. Sobre los terrenos de los Puxileos, pueblo ind\u00edgena precolombino al pie &hellip;<\/p>\n<p class=\"read-more\"> <a class=\"\" href=\"https:\/\/www.municipiopujili.gob.ec\/pujili\/historia-pujili\/\"> <span class=\"screen-reader-text\">Historia Pujil\u00ed<\/span> Leer m\u00e1s &raquo;<\/a><\/p>\n","protected":false},"author":1,"featured_media":0,"parent":0,"menu_order":0,"comment_status":"closed","ping_status":"closed","template":"","meta":[],"uagb_featured_image_src":{"full":false,"thumbnail":false,"medium":false,"medium_large":false,"large":false,"1536x1536":false,"2048x2048":false},"uagb_author_info":{"display_name":"Gadmicp","author_link":"https:\/\/www.municipiopujili.gob.ec\/pujili\/author\/rudyzm\/"},"uagb_comment_info":0,"uagb_excerpt":"El origen del vocablo Pujil\u00ed es remoto, Pugshili en kichwa&nbsp; significa \u201cposada de juguetes\u201d u \u201color a soga\u201d. La primera aceptaci\u00f3n&nbsp; parece acertada porque&nbsp; Pujil\u00ed desde anta\u00f1o ha sido y sigue siendo en la actualidad un centro de producci\u00f3n de alfarer\u00eda de primer orden. Sobre los terrenos de los Puxileos, pueblo ind\u00edgena precolombino al pie&hellip;","yoast_head":"<!-- This site is optimized with the Yoast SEO plugin v14.0.4 - https:\/\/yoast.com\/wordpress\/plugins\/seo\/ -->\n<title>Historia Pujil\u00ed - Gadmic Pujil\u00ed<\/title>\n<meta name=\"robots\" content=\"index, follow\" \/>\n<meta name=\"googlebot\" content=\"index, follow, max-snippet:-1, max-image-preview:large, max-video-preview:-1\" \/>\n<meta name=\"bingbot\" content=\"index, follow, max-snippet:-1, max-image-preview:large, max-video-preview:-1\" \/>\n<link rel=\"canonical\" href=\"https:\/\/www.municipiopujili.gob.ec\/pujili\/historia-pujili\/\" \/>\n<meta property=\"og:locale\" content=\"es_ES\" \/>\n<meta property=\"og:type\" content=\"article\" \/>\n<meta property=\"og:title\" content=\"Historia Pujil\u00ed - Gadmic Pujil\u00ed\" \/>\n<meta property=\"og:description\" content=\"El origen del vocablo Pujil\u00ed es remoto, Pugshili en kichwa&nbsp; significa \u201cposada de juguetes\u201d u \u201color a soga\u201d. La primera aceptaci\u00f3n&nbsp; parece acertada porque&nbsp; Pujil\u00ed desde anta\u00f1o ha sido y sigue siendo en la actualidad un centro de producci\u00f3n de alfarer\u00eda de primer orden. Sobre los terrenos de los Puxileos, pueblo ind\u00edgena precolombino al pie &hellip; Historia Pujil\u00ed Leer m\u00e1s &raquo;\" \/>\n<meta property=\"og:url\" content=\"https:\/\/www.municipiopujili.gob.ec\/pujili\/historia-pujili\/\" \/>\n<meta property=\"og:site_name\" content=\"Gadmic Pujil\u00ed\" \/>\n<meta property=\"article:modified_time\" content=\"2020-11-27T15:55:57+00:00\" \/>\n<meta property=\"og:image\" content=\"https:\/\/www.municipiopujili.gob.ec\/pujili\/wp-content\/uploads\/2020\/10\/historia-min-770x1024.jpg\" \/>\n<meta name=\"twitter:card\" content=\"summary_large_image\" \/>\n<script type=\"application\/ld+json\" class=\"yoast-schema-graph\">{\"@context\":\"https:\/\/schema.org\",\"@graph\":[{\"@type\":\"WebSite\",\"@id\":\"https:\/\/www.municipiopujili.gob.ec\/pujili\/#website\",\"url\":\"https:\/\/www.municipiopujili.gob.ec\/pujili\/\",\"name\":\"Gadmic Pujil\\u00ed\",\"description\":\"Cant\\u00f3n Pujil\\u00ed\",\"potentialAction\":[{\"@type\":\"SearchAction\",\"target\":\"https:\/\/www.municipiopujili.gob.ec\/pujili\/?s={search_term_string}\",\"query-input\":\"required name=search_term_string\"}],\"inLanguage\":\"es\"},{\"@type\":\"ImageObject\",\"@id\":\"https:\/\/www.municipiopujili.gob.ec\/pujili\/historia-pujili\/#primaryimage\",\"inLanguage\":\"es\",\"url\":\"https:\/\/www.municipiopujili.gob.ec\/pujili\/wp-content\/uploads\/2020\/10\/historia-min.jpg\",\"width\":1127,\"height\":1499},{\"@type\":\"WebPage\",\"@id\":\"https:\/\/www.municipiopujili.gob.ec\/pujili\/historia-pujili\/#webpage\",\"url\":\"https:\/\/www.municipiopujili.gob.ec\/pujili\/historia-pujili\/\",\"name\":\"Historia Pujil\\u00ed - Gadmic Pujil\\u00ed\",\"isPartOf\":{\"@id\":\"https:\/\/www.municipiopujili.gob.ec\/pujili\/#website\"},\"primaryImageOfPage\":{\"@id\":\"https:\/\/www.municipiopujili.gob.ec\/pujili\/historia-pujili\/#primaryimage\"},\"datePublished\":\"2019-11-06T20:02:33+00:00\",\"dateModified\":\"2020-11-27T15:55:57+00:00\",\"inLanguage\":\"es\",\"potentialAction\":[{\"@type\":\"ReadAction\",\"target\":[\"https:\/\/www.municipiopujili.gob.ec\/pujili\/historia-pujili\/\"]}]}]}<\/script>\n<!-- \/ Yoast SEO plugin. -->","_links":{"self":[{"href":"https:\/\/www.municipiopujili.gob.ec\/pujili\/wp-json\/wp\/v2\/pages\/2386"}],"collection":[{"href":"https:\/\/www.municipiopujili.gob.ec\/pujili\/wp-json\/wp\/v2\/pages"}],"about":[{"href":"https:\/\/www.municipiopujili.gob.ec\/pujili\/wp-json\/wp\/v2\/types\/page"}],"author":[{"embeddable":true,"href":"https:\/\/www.municipiopujili.gob.ec\/pujili\/wp-json\/wp\/v2\/users\/1"}],"replies":[{"embeddable":true,"href":"https:\/\/www.municipiopujili.gob.ec\/pujili\/wp-json\/wp\/v2\/comments?post=2386"}],"version-history":[{"count":18,"href":"https:\/\/www.municipiopujili.gob.ec\/pujili\/wp-json\/wp\/v2\/pages\/2386\/revisions"}],"predecessor-version":[{"id":5097,"href":"https:\/\/www.municipiopujili.gob.ec\/pujili\/wp-json\/wp\/v2\/pages\/2386\/revisions\/5097"}],"wp:attachment":[{"href":"https:\/\/www.municipiopujili.gob.ec\/pujili\/wp-json\/wp\/v2\/media?parent=2386"}],"curies":[{"name":"wp","href":"https:\/\/api.w.org\/{rel}","templated":true}]}}